t the prime factors of v.
53
What are the prime factors of 46 - (9/(-3) + 0)?
7
Suppose 3*a - 108 = -0*a. Suppose 3*m - a = m. List the prime factors of m.
2, 3
Suppose 2*x = 26 + 8. What are the prime factors of x?
17
Let g(l) = -2*l - 6*l + 5 + l**3 - 5*l**2 + 3*l. Suppose r - 2*r = -6. List the prime factors of g(r).
11
Let j(g) = 2*g - 2. Let s be j(2). Let v = 21 - s. What are the prime factors of v?
19
Suppose -5*d + d = -8. Suppose d*h - 9 = -h. List the prime factors of (-5)/15 + 31/h.
2, 5
Let n = 344 + -41. List the prime factors of n.
3, 101
Let v(g) = 7*g + 1. Let a(s) = s**2 - 7*s. Let t be a(6). Let r be (t/15)/((-3)/15). List the prime factors of v(r).
3, 5
Let l(d) be the first derivative of -4*d**2 - 2. List the prime factors of l(-5).
2, 5
Let c(z) = z**3 - 9*z**2 + z + 11. Let p be c(9). Suppose 4*o + p - 64 = 0. What are the prime factors of (0 + 1)/(1/o)?
11
Let m be (1/(-2) + 1)*16. Let w(d) = -d**3 + 8*d**2 + 2. Let u be w(m). Suppose -h + 36 = u*h. What are the prime factors of h?
2, 3
Suppose d = 2*d - 2. Suppose -d*b + b + 2 = 0. What are the prime factors of b?
2
Let s(i) = 16*i + 1. Let f be s(2). Let d(c) = -2*c**3 - 5*c**2 - c - 4. Let z be d(-4). Let u = z - f. What are the prime factors of u?
3, 5
Suppose 3*y = -0*o - 4*o + 51, 3*o = y - 4. Let l(m) = -m**3 + 5*m**2 - m + 4. Let u be l(5). Let q = u + y. What are the prime factors of q?
2, 3
Let o(a) = -2*a + 5. Let p be 1/2 - 66/12. List the prime factors of o(p).
3, 5
Let y(z) = z**2 + 2*z + 1. Let i be y(-1). Let t(q) = -q**3 + q**2 + 3. Let u be t(i). Suppose u*j = 12 + 12. What are the prime factors of j?
2
Let u = 6 - 11. Let h be (-1 - -2 - 2)*u. Suppose 0*z + 3*m + 2 = -z, 0 = h*z - 4*m - 47. What are the prime factors of z?
7
Suppose 0 = -2*q - 5*h + 64, 0*q = -2*q + 2*h + 36. List the prime factors of q.
2, 11
Suppose -5*t - 4*s = 181, 3*s = -t - 14 - 31. Let w = t + 10. Let n = -13 - w. What are the prime factors of n?
2, 5
Let m be (8 + -2)*5/10. Let s(x) = -2*x**2 + 8*x + 3*x**2 - x**3 - 5 + 2*x**2 + m*x**2. List the prime factors of s(7).
2
Suppose -5*l + 98 = f, 3*l + 0*l - 4*f - 45 = 0. What are the prime factors of l?
19
Let a = -21 + 32. List the prime factors of a.
11
List the prime factors of 3 + (-4 + 29 - -3).
31
What are the prime factors of (-2 + 53)/(3/4)?
2, 17
Let j(u) = u**2 + 3*u + 4. Let l be j(4). Suppose -r + 1 = -w, 0 = 2*w - 7*w + 3*r + 5. Suppose w*c - l = -8. What are the prime factors of c?
2, 3
Let w(l) = -l**2 - 16*l + 16. List the prime factors of w(-11).
71
Suppose 2*a = 2*v - 2*a - 10, -2*a = 4*v + 20. List the prime factors of -2 - (0 + v - 18).
19
Let q = -13 + 20. Suppose -4*h - q = z + 1, 4*z + 2*h = 24. List the prime factors of z.
2
Let d be 112/(-18) - (-4)/18. Let j(l) = 2*l - 11. Let w(a) = a - 5. Let i(f) = 3*j(f) - 7*w(f). What are the prime factors of i(d)?
2
Let v be (0 - (-4 + 2)) + -4. What are the prime factors of (16/(-6))/(v/6)?
2
Suppose j - 175 = -0*r - r, -5*j + 5*r + 905 = 0. What are the prime factors of j?
2, 89
Suppose 0*w - 5*j = -5*w, 2*j = -5*w + 35. Suppose -2*s + w + 19 = 0. What are the prime factors of s?
2, 3
Suppose -3*z + a + 258 = 0, -6*z = -z + 4*a - 430. List the prime factors of z.
2, 43
Let n = -4 - -8. Suppose 0 = 3*u - 170 + 65. Suppose -n*b + u = b. What are the prime factors of b?
7
Suppose 2*q = 3*q - 5. Suppose -q*u = -9 - 21. Let l = u - 2. What are the prime factors of l?
2
Let y = -12 - -3. Let i be y/6*-2 + 2. Suppose -w = 2 - i. What are the prime factors of w?
3
Let c be (-3)/(-5) + (-44)/(-10). Suppose -5*u = -3*d - 45, c*u + 3*d - d = 70. What are the prime factors of u?
2, 3
Let b be (4 - -1)*(-8)/(-8). Suppose b*p + 4*h + 3 = 2*p, -5*h - 18 = -p. List the prime factors of p.
3
Let v(c) = c**3 - 8*c**2 + 7*c. What are the prime factors of v(8)?
2, 7
Let d be (-42)/(-9) - 2/3. Let c be d - 2/(1/(-1)). Suppose -j - j + c = 0. List the prime factors of j.
3
Let s(h) = 2*h - 15. What are the prime factors of s(12)?
3
What are the prime factors of (13/(-39))/((-2)/96)?
2
Suppose f = 3 + 1. Let d(n) = -15*n. Let z be d(-1). Suppose -25 = -f*i + z. What are the prime factors of i?
2, 5
Let b = 8 + -14. Let y be (4/(-6))/(b/45). Suppose -5*i - 1 + 64 = 4*m, -3*i - y*m + 43 = 0. List the prime factors of i.
11
Let q = -8 + 8. Let x = 0 + q. List the prime factors of 20 - (x + -2 + 3).
19
Let q be -4 - -3 - (-4 + -1). Suppose 0 = 2*s - 2 - q. What are the prime factors of 4*s/3*2?
2
Suppose 0 = 10*o - 14*o + 584. What are the prime factors of o?
2, 73
List the prime factors of ((-34)/4 + -1)*(-20)/2.
5, 19
Let d(q) = q - 14. Let j be d(12). Let x = j + 4. List the prime factors of x.
2
List the prime factors of -3 + 2 - ((-4 - 1) + -197).
3, 67
Let u = -20 + 34. Let x = -1 + u. What are the prime factors of x?
13
List the prime factors of (-2)/(-2)*((-35)/7 + 90).
5, 17
Suppose -l - 25 = -28. What are the prime factors of (-2432)/(-48) + 1/l?
3, 17
Suppose 2*a - 28 = 4*c - 0*c, 87 = 3*a + 3*c. What are the prime factors of 8/(-2)*(-102)/a?
17
Let y(a) = -a**2 - 10*a + 4. What are the prime factors of y(-4)?
2, 7
Let r(o) = -o - 2. Let a be r(6). Let k(u) = -u**3 - 8*u**2 - 2*u + 7. What are the prime factors of k(a)?
23
Let s = -10 - -22. Suppose 57 = 4*q - 5*n, -n - n = -q + s. List the prime factors of q.
2, 3
Suppose -99 = -6*m + 21. What are the prime factors of m?
2, 5
Suppose -3*i + 152 = i. What are the prime factors of i?
2, 19
Let i(w) = -w**3 - w**2 - 1. Let q be i(-2). Suppose 0 = -4*j - 4, q*t + 0*j = -j + 35. What are the prime factors of t?
2, 3
What are the prime factors of 1172/3 + 32/(-12) + 3?
17, 23
Suppose -5*b - 94 = -4*m, -m + b + 28 = 2*b. Suppose -4 = y - 2*t - m, 4*t = -16. What are the prime factors of y?
2, 7
Suppose 35 = -z + 6*z. Let q(i) = -i + 7. Let c be q(z). Suppose 5*x - 130 = -5*l, 5*l + c*l = -x + 110. List the prime factors of l.
3, 7
Let h be 1 + 0 + 12/2. Suppose -4*m = 3*a + h - 33, 2*m = 4*a + 2. Suppose m*k - 15 = -0. What are the prime factors of k?
3
Let k(c) be the first derivative of -c**3/3 - 3*c**2 - 3*c + 2. Suppose 0 = -5*j + j - 5*z - 22, -7 = j + 2*z. List the prime factors of k(j).
2, 3
Let i = -117 - -227. What are the prime factors of i?
2, 5, 11
Suppose 4*z = 2*z + 24. Suppose 0 = c - z - 8. Suppose -7*f + 3*f + c = 0. What are the prime factors of f?
5
Suppose -3 = -2*r + r. List the prime factors of r.
3
Let c = 339 - 4. What are the prime factors of c?
5, 67
Let q(r) = 23*r + 2. Let t(v) = -35*v - 3. Let s(u) = 8*q(u) + 5*t(u). Let x(p) = 17*p + 3. Let h(f) = 5*s(f) - 2*x(f). What are the prime factors of h(1)?
2, 5
Suppose 0 = -2*r - l + 172, -l + 176 = 2*r - 2*l. Suppose -3*k + r = 5*a, 0 = 2*a - 3 - 3. What are the prime factors of k?
2, 3
Suppose 0 = 5*t - 28 - 147. What are the prime factors of t?
5, 7
Let j(m) = -m**3 + 14. List the prime factors of j(0).
2, 7
Suppose 3*z = -3*b + 33, 2*z + 5*b - 30 = 1. What are the prime factors of z?
2
Let u = -1 + 2. What are the prime factors of u/((-3)/(-42)) - 0?
2, 7
Suppose 2*b = 4*b + 108. What are the prime factors of (b/(-8))/(9/24)?
2, 3
Suppose 6 = n + 4. Suppose 3*x = 21 + 6. Suppose 0 = -3*q + x, -5*q + n*q = 2*p - 15. List the prime factors of p.
3
Let d(j) = -2*j. Let q be d(-3). Suppose 0 = v - q*v + 225. Suppose -2*u + v = 3*u. What are the prime factors of u?
3
Let y = 47 + 97. Suppose y = -2*z + 5*z. List the prime factors of z.
2, 3
Suppose t = 18 - 3. Let v be 1 + 0/2 + 2. Suppose v*m = -0*m + t. List the prime factors of m.
5
What are the prime factors of 481/26*4/2?
37
Let a = -19 + 10. Let v(k) = k**3 + 10*k**2 + 8*k - 8. Let f be v(a). List the prime factors of f/(-3) - (-68)/6.
11
Suppose 14 = 4*m - 6. List the prime factors of m/(-1)*(-70)/25.
2, 7
Suppose h - 6 = -2. Suppose -m - 144 = -5*d, -m + 104 = h*d + m. Suppose d = -0*i + 2*i. What are the prime factors of i?
2, 7
Let k be (1/1 + 9)/2. Let y(n) = -n**2 + 7*n + 4. What are the prime factors of y(k)?
2, 7
Let o = -39 - -80. Suppose 4*v + o - 103 = j, 2*v + 4*j = 40. What are the prime factors of v?
2
Suppose f - 51 = -4*r + 95, 0 = 2*f - 5*r - 331. What are the prime factors of f?
2, 79
Suppose -6 = 3*j, 5*j = 2*m - 4*m + 268. What are the prime factors of m?
139
Suppose -2*k = 4*z - 5 -